the remainder when p is divided by a.
25
Let o(h) = 8*h**3 + 33*h**2 + 135*h + 54. What is the remainder when o(17) is divided by 158?
156
Suppose 80 = s + 8. Let l(q) = q + 9. Calculate the remainder when s is divided by l(-2).
2
Suppose 5*q - 221 = 4*x, -3*x + 7*x = 3*q - 131. Suppose 10*d + q = 13*d. Calculate the remainder when d is divided by 13.
2
Let f = 43 + -4. Suppose 5*v - 391 = 3*b, 4*b - 415 = -4*v - 115. What is the remainder when v is divided by f?
38
Let a = 51 + -31. Let q(f) = -6*f - 19. Let v be q(-4). Suppose a = -x + v*x. What is the remainder when 8 is divided by x?
3
Suppose 467*z - 13574 - 4162 = 6081. Let k = 72 - -129. Calculate the remainder when k is divided by z.
48
Calculate the remainder when ((-198)/(-154))/((-2)/(-21))*248/3 is divided by 1111.
5
Let m(v) = -9*v**2 + 372*v + 200. Calculate the remainder when m(41) is divided by 122.
79
Let d(k) = 56*k - 17. Let s be d(2). Let h = -55 + s. What is the remainder when 159 is divided by h?
39
Let w be 396/27 - (-2)/(-3). Let c(z) = z - 9. Let f be c(w). Suppose f*m - 216 = 59. Calculate the remainder when m is divided by 14.
13
Let w(g) = -g**2 + 7*g + 57. Let b be (-4)/(-7) - (-1350)/210. Calculate the remainder when w(b) is divided by 30.
27
Let u(v) = -2*v + 9. Let t(l) = -4*l + 20. Let k(h) = 6*t(h) - 15*u(h). Let x be k(-10). Let y = 217 + x. Calculate the remainder when y is divided by 11.
10
Let k = 522 + -272. Let m = 254 - k. Calculate the remainder when 102 is divided by m.
2
Suppose -8*c - 2107 = -51*c. Suppose 3*v + 9 = -3. Calculate the remainder when c is divided by (2/v)/(2/(-52)).
10
Let v(s) = -s**3 + 13*s**2 + 6*s + 65. Suppose -412 = -3*k - 5*g, -2*k + 111 = 2*g - 157. Calculate the remainder when k is divided by v(0).
64
Suppose -27*w + 2162 = -106. Suppose -9*x + 116 = -5*x. What is the remainder when w is divided by x?
26
Let c = 236 - 154. Suppose -2*z + 2*n = -3*n - 73, 0 = 3*z - 2*n - c. Suppose -53*h + z = -49*h. What is the remainder when 28 is divided by h?
4
Let i = -3808 - -3814. Let x = 10 - 6. What is the remainder when i is divided by x?
2
Let y = 441 + -216. Suppose 23*p - 18*p = y. Suppose -m - p = -6*m. What is the remainder when 53 is divided by m?
8
Let q be 2/(-6) + (-165)/(-9). Suppose q*v = 115 - 7. Calculate the remainder when 124 is divided by v.
4
Let h(l) = 4*l + 60. Let g be h(26). Let b = -153 + g. Calculate the remainder when 47 is divided by b.
3
Suppose 432 = 4*k + 4*h, 0*k - 3*h = -2*k + 231. What is the remainder when k is divided by 37?
0
Suppose -4*s + 0*s = -2*n - 200, 0 = 3*n + 4*s + 290. Let o = -56 - n. Suppose 214*r - 355*r + 11562 = 0. What is the remainder when r is divided by o?
40
Suppose -49668 = -5*o - 16*h + 19*h, 29794 = 3*o + 5*h. Calculate the remainder when o is divided by 19.
15
Calculate the remainder when 1203 is divided by (129/172)/(9/336).
27
Let t = -1395 + 2782. Suppose -8*r + 27*r = t. What is the remainder when r is divided by 15?
13
Suppose 198 = -f + 3*i, -3*f = -5*i - 0*i + 578. Let l = 207 + f. What is the remainder when 73 is divided by l?
10
Let i be (-80)/12*(-6)/8. Let j be (6/i)/(5/25). Suppose -33 = -r + j. What is the remainder when r is divided by 21?
18
Let r(y) = 73*y**2 - 30*y. Let g be r(6). Suppose -5*m = 29*m - g. What is the remainder when m is divided by 39?
33
Let m(w) = 4*w**2 - 7*w + 1. Calculate the remainder when m(-6) is divided by 57 - 6/((-32)/16).
7
Suppose 3*v = -4*c + 65, -2*c = 3*v + c - 60. Suppose -13*m + v*m + 12 = 0. What is the remainder when (-22)/33 + (-88)/m is divided by 8?
6
Let o(t) be the first derivative of -3*t - 20*t - 17*t + 15 + 2*t**2. Calculate the remainder when 59 is divided by o(13).
11
What is the remainder when (-3)/(-87) - 1418722/(-2987) is divided by 15?
10
Let u(o) = 7 - 55 - o + 193 - 3*o. Calculate the remainder when u(25) is divided by 7.
3
What is the remainder when 19/((-190)/(-50))*251 is divided by 74?
71
Let z = 3325 - 2804. Calculate the remainder when z is divided by 65.
1
Let w be (-368)/88 + (-1 - (-13)/11). Let n be w/((-18)/34 + 4/8). Suppose 7*g - n = 165. What is the remainder when g is divided by 16?
11
Let k(v) = -v**3 + v**2 - 3*v**2 - 2*v**2 - 51 - 9*v**2 - 18*v. Let d = 39 + -27. What is the remainder when k(-12) is divided by d?
9
Let f = -3266 + 3415. Calculate the remainder when f is divided by 47.
8
Suppose 4262 = 10*r - 22065 - 4423. What is the remainder when r is divided by 77?
72
Let p be (45/(-12))/1*80/(-30). Suppose p*v - 541 = -421. What is the remainder when 52 is divided by v?
4
Let b = 31 + -38. Calculate the remainder when 164 + 3 + -3 + 4 is divided by (116/(-8) - -5)*(b - -1).
54
Suppose -5*w + 210 = 5*f - 0*w, 4*f - 5*w = 195. Let s = 73 + -48. What is the remainder when f is divided by s?
20
Let m = 106 + -97. Suppose -328 = -m*v + 347. What is the remainder when v is divided by 28?
19
Calculate the remainder when (-13)/(364/(-112)) - (-1113 + 0) is divided by 59.
55
Let c(t) = t**3 + 4*t**2 - 6*t. Let b be c(-5). Suppose -5*w = b - 25. Suppose 20 = w*f - 152. What is the remainder when 126 is divided by f?
40
Suppose 1056 = 55*t - 47*t. Suppose 6*b = -0*b + t. Calculate the remainder when 85 is divided by b.
19
Suppose -21*h + 18*h = 264. Let u(r) = -7*r**2 + 6*r - 3. Let o be u(5). Let t = h - o. Calculate the remainder when t is divided by 13.
8
Let l(m) = 2*m**2 - 59*m - 81. What is the remainder when 962 is divided by l(31)?
2
Suppose 5*l - 2*l = 15. Suppose -l*b = 5, -b + 3 - 16 = -4*c. Calculate the remainder when ((-21)/7)/((-9)/30) is divided by c.
1
What is the remainder when 727 is divided by 1/(-3) - (-203015)/285?
15
What is the remainder when 2587 is divided by ((-10)/50 + (-26)/(-10))*60?
139
Let s = -11 + 27. Let x = 77 + -43. Let g = x - 8. What is the remainder when g is divided by s?
10
Let l = -55 - -20. Suppose -2*f = -77 - 3. Let n = f + l. What is the remainder when n is divided by 2?
1
Let y = 121 + -185. Let i = 75 + y. Calculate the remainder when 29 is divided by i.
7
Let u(l) = 430*l - 733. Calculate the remainder when u(11) is divided by 18.
1
Suppose -2*l - 110 = -4*u - 40, 5*u - 3*l - 86 = 0. Suppose 11 = -u*x + 144. What is the remainder when 60 is divided by x?
4
Suppose -2*c = -3*a + 436, -6*c + 254 = 206*a - 204*a. Suppose -21 = -u + 3. Calculate the remainder when a is divided by u.
22
Suppose 5*m - 176 = 2*m + 235. Let i(r) = -r + 20. Calculate the remainder when m is divided by i(0).
17
Let a be 57 + (-2 - -1) - (-4 - -1). Suppose 2*v - 3 = a. Suppose -y = -3 - v. What is the remainder when y is divided by 12?
10
Let a(m) = m**2 + 25*m - 45. Calculate the remainder when 532 is divided by a(-30).
7
Let c = -284 - -284. What is the remainder when 122 + c*(-8)/56 is divided by 43?
36
Let u = 72 - -2. Let o(n) = -3*n**2 - 6 + 8*n - 7*n + 2*n**2 + 9*n. What is the remainder when u is divided by o(7)?
14
Suppose -8*b + 6*b + 24 = -t, -5*t - 146 = 3*b. Calculate the remainder when 7 is divided by 44/14 - (-4)/t.
1
Let u(r) = r**2 - 28*r + 80. Let l be u(25). Suppose 1178 - 293 = l*o. Calculate the remainder when o is divided by 36.
33
Let q = -4879 + 5029. Calculate the remainder when q is divided by 59.
32
Let f = -12171 - -12270. Calculate the remainder when 8315 is divided by f.
98
Suppose -3*p - w + 569 = 0, 1006*p + 4*w = 1005*p + 186. What is the remainder when 444 is divided by p?
64
Suppose -69*x = -297*x - 807 + 21783. What is the remainder when 213 is divided by x?
29
Let c(z) = -27*z + 517. Suppose -5*v + 2*f = 42, v - 4*f + 20 = -v. Let u = 6 - v. What is the remainder when u is divided by c(19)?
2
Suppose 61*r + 58*r - 2*r = 8073. Calculate the remainder when 130 is divided by r.
61
Suppose 41*m = 21 + 1225 - 262. Calculate the remainder when 562 is divided by m.
10
Suppose -20*x - 89407 - 17927 = -422*x. What is the remainder when x is divided by 33?
3
Let i(f) = f**2 + 24*f - 15. Let g be i(-22). Let n = -56 - g. Suppose -5*v + 498 = 4*y, -y - n*v + 125 = -2*v. What is the remainder when y is divided by 13?
10
Suppose 4*d - 20*d - 3*d + 931 = 0. Calculate the remainder when d is divided by 17.
15
Suppose -4*q + 1432 = -5*r, -2*q - 10*r = -3*q + 358. What is the remainder when q is divided by 45?
43
Let w = 325 - 306. Suppose 12*n = -0*n 